hat is the hundreds digit of 751175241?
2
What is the ten thousands digit of 607299659?
9
What is the thousands digit of 11313727?
3
What is the millions digit of 1237685408?
7
What is the hundreds digit of 2464477518?
5
What is the millions digit of 386726277?
6
What is the hundreds digit of 951335199?
1
What is the millions digit of 559162222?
9
What is the hundreds digit of 832942?
9
What is the hundred thousands digit of 47544843?
5
What is the ten thousands digit of 4373281832?
8
What is the hundred thousands digit of 73152166?
1
What is the millions digit of 149016592?
9
What is the hundreds digit of 77420490?
4
What is the hundreds digit of 1649178350?
3
What is the billions digit of 1349071451?
1
What is the ten millions digit of 358090572?
5
What is the ten thousands digit of 8101841?
0
What is the units digit of 18232866?
6
What is the millions digit of 1553612514?
3
What is the ten thousands digit of 633027926?
2
What is the ten millions digit of 45913890?
4
What is the millions digit of 186085508?
6
What is the tens digit of 9956831?
3
What is the hundred thousands digit of 17671124?
6
What is the ten millions digit of 1319515556?
1
What is the hundred thousands digit of 10501684?
5
What is the ten millions digit of 266797777?
6
What is the ten thousands digit of 125133302?
3
What is the ten millions digit of 105226468?
0
What is the hundred millions digit of 5094363727?
0
What is the hundred thousands digit of 46989320?
9
What is the hundreds digit of 6841917?
9
What is the hundred millions digit of 496088567?
4
What is the millions digit of 816508144?
6
What is the millions digit of 1511877851?
1
What is the ten millions digit of 1131831731?
3
What is the hundred thousands digit of 183741182?
7
What is the hundred millions digit of 387683283?
3
What is the units digit of 138623542?
2
What is the ten thousands digit of 90817014?
1
What is the hundred millions digit of 129312950?
1
What is the ten thousands digit of 1899036879?
3
What is the hundreds digit of 1126213790?
7
What is the hundred thousands digit of 1384951175?
9
What is the tens digit of 210443841?
4
What is the thousands digit of 669274959?
4
What is the thousands digit of 361168396?
8
What is the ten millions digit of 58750231?
5
What is the units digit of 61565696?
6
What is the hundred thousands digit of 213443931?
4
What is the hundreds digit of 1069572499?
4
What is the units digit of 1916536546?
6
What is the millions digit of 992247119?
2
What is the hundred thousands digit of 702235451?
2
What is the ten thousands digit of 1148192920?
9
What is the hundred millions digit of 315089981?
3
What is the hundreds digit of 32395081?
0
What is the millions digit of 870109127?
0
What is the millions digit of 100272987?
0
What is the ten millions digit of 220075908?
2
What is the millions digit of 47062711?
7
What is the hundreds digit of 7240852653?
6
What is the ten thousands digit of 158124217?
2
What is the units digit of 399999054?
4
What is the ten millions digit of 914694094?
1
What is the hundred thousands digit of 139825738?
8
What is the units digit of 38318614?
4
What is the tens digit of 213186275?
7
What is the hundred millions digit of 304520075?
3
What is the hundreds digit of 55659234?
2
What is the ten millions digit of 71568017?
7
What is the hundreds digit of 355663051?
0
What is the units digit of 909164158?
8
What is the hundred thousands digit of 530987634?
9
What is the hundreds digit of 133726589?
5
What is the tens digit of 367993?
9
What is the ten millions digit of 16590673?
1
What is the tens digit of 299668066?
6
What is the hundred thousands digit of 208435431?
4
What is the tens digit of 2411570827?
2
What is the thousands digit of 5057976476?
6
What is the tens digit of 3012687731?
3
What is the millions digit of 26857680?
6
What is the ten thousands digit of 1313159350?
5
What is the ten millions digit of 2251079583?
5
What is the hundred thousands digit of 2770319497?
3
What is the ten thousands digit of 94392521?
9
What is the hundred thousands digit of 624293165?
2
What is the ten millions digit of 126204954?
2
What is the units digit of 1081387041?
1
What is the hundreds digit of 75104514?
5
What is the ten millions digit of 961019933?
6
What is the millions digit of 101517522?
1
What is the tens digit of 256542145?
4
What is the ten thousands digit of 288692573?
9
What is the tens digit of 134346653?
5
What is the hundreds digit of 108296062?
0
What is the hundred thousands digit of 42026871?
0
What is the hundred millions digit of 257415742?
2
What is the ten millions digit of 951952576?
5
What is the units digit of 73528155?
5
What is the ten thousands digit of 48404474?
0
What is the thousands digit of 22481434?
1
What is the tens digit of 310169702?
0
What is the ten thousands digit of 135967436?
6
What is the millions digit of 110947779?
0
What is the tens digit of 1297666929?
2
What is the units digit of 1957022627?
7
What is the thousands digit of 76731008?
1
What is the units digit of 21719816?
6
What is the units digit of 269014471?
1
What is the millions digit of 466104643?
6
What is the units digit of 387247935?
5
What is the millions digit of 984062951?
4
What is the ten millions digit of 52891419?
5
What is the units digit of 1090169457?
7
What is the units digit of 36717784?
4
What is the thousands digit of 535878350?
8
What is the ten thousands digit of 61962069?
6
What is the tens digit of 381030410?
1
What is the hundred thousands digit of 1023772974?
7
What is the tens digit of 91080240?
4
What is the millions digit of 4142443409?
2
What is the ten thousands digit of 4636688920?
8
What is the tens digit of 55333128?
2
What is the hundred thousands digit of 17796894?
7
What is the hundred millions digit of 384933281?
3
What is the tens digit of 457891360?
6
What is the hundred millions digit of 274958914?
2
What is the hundreds digit of 1828145912?
9
What is the hundred millions digit of 125534888?
1
What is the billions digit of 1758760295?
1
What is the ten thousands digit of 1289829?
8
What is the hundreds digit of 28276508?
5
What is the ten thousands digit of 2736625078?
2
What is the millions digit of 70681408?
0
What is the tens digit of 345228672?
7
What is the millions digit of 343713212?
3
What is the tens digit of 6389058604?
0
What is the ten millions digit of 289660192?
8
What is the ten millions digit of 4868745650?
6
What is the hundreds digit of 834075406?
4
What is the hundred thousands digit of 150209243?
2
What is the ten thousands digit of 560921848?
2
What is the thousands digit of 1900263948?
3
What is the hundred millions digit of 2506492647?
5
What is the thousands digit of 165625496?
5
What is the millions digit of 621439443?
1
What is the millions digit of 228871547?
8
What is the hundred thousands digit of 48018535?
0
What is the units digit of 24016428?
8
What is the hundred thousands digit of 148300399?
3
What is the hundred thousands digit of 22080642?
0
What is the thousands digit of 614337649?
7
What is the hundred millions digit of 2967382671?
9
What is the thousands digit of 32928572?
8
What is the hundreds digit of 447155371?
3
What is the ten thousands digit of 86458121?
5
What is the hundred thousands digit of 9000743?
0
What is the thousands digit of 166710646?
0
What is the ten millions digit of 21320667?
2
What is the billions digit of 1300816004?
1
What is the millions digit of 514790862?
4
What is the hundreds digit of 53607509?
5
What is the thousands digit of 1593115592?
5
What is the ten millions digit of 24719278?
2
What is the hundreds digit of 987307551?
5
What is the thousands digit of 621225826?
5
What is the hundred thousands digit of 1529580153?
5
What is the thousands digit of 86302146?
2
What is the ten thousands digit of 59033529?
3
What is the hundred thousands digit of 72647198?
6
What is the units digit of 5370949?
9
What is the units digit of 63201023?
3
What is the tens digit of 728889932?
3
What is the tens digit of 172797871?
7
What is the hundred millions digit of 714769212?
7
What is the tens digit of 57562322?
2
What is the hundred thousands digit of 286657851?
6
What is the ten thousands digit of 68421277?
2
What is the tens digit of 887412854?
5